{"id":3279,"date":"2024-04-18T14:07:55","date_gmt":"2024-04-18T12:07:55","guid":{"rendered":"https:\/\/test1.nowakowskiprojekt.kylos.pl\/?page_id=3279"},"modified":"2024-04-18T14:07:55","modified_gmt":"2024-04-18T12:07:55","slug":"modernizacja-stacji-uzdatniania-wody-w-rogoznie","status":"publish","type":"page","link":"https:\/\/aquabellis.pl\/index.php\/modernizacja-stacji-uzdatniania-wody-w-rogoznie\/","title":{"rendered":"Modernizacja Stacji Uzdatniania Wody w Rogo\u017anie"},"content":{"rendered":"<p><a href=\"https:\/\/aquabellis.pl\/wp-content\/uploads\/2024\/04\/Zestaw-hydroforowy-scaled.jpg\" data-elementor-open-lightbox=\"yes\" data-elementor-lightbox-slideshow=\"c4cb8db\" data-elementor-lightbox-title=\"Zestaw hydroforowy\" data-e-action-hash=\"#elementor-action%3Aaction%3Dlightbox%26settings%3DeyJpZCI6MzI1NywidXJsIjoiaHR0cHM6XC9cL2FxdWFiZWxsaXMucGxcL3dwLWNvbnRlbnRcL3VwbG9hZHNcLzIwMjRcLzA0XC9aZXN0YXctaHlkcm9mb3Jvd3ktc2NhbGVkLmpwZyIsInNsaWRlc2hvdyI6ImM0Y2I4ZGIifQ%3D%3D\"><br \/>\n<\/a><br \/>\n<a href=\"https:\/\/aquabellis.pl\/wp-content\/uploads\/2024\/04\/Zestaw-hydroforowy-2-scaled.jpg\" data-elementor-open-lightbox=\"yes\" data-elementor-lightbox-slideshow=\"c4cb8db\" data-elementor-lightbox-title=\"Zestaw hydroforowy (2)\" data-e-action-hash=\"#elementor-action%3Aaction%3Dlightbox%26settings%3DeyJpZCI6MzI1NiwidXJsIjoiaHR0cHM6XC9cL2FxdWFiZWxsaXMucGxcL3dwLWNvbnRlbnRcL3VwbG9hZHNcLzIwMjRcLzA0XC9aZXN0YXctaHlkcm9mb3Jvd3ktMi1zY2FsZWQuanBnIiwic2xpZGVzaG93IjoiYzRjYjhkYiJ9\"><br \/>\n<\/a><br \/>\n<a href=\"https:\/\/aquabellis.pl\/wp-content\/uploads\/2024\/04\/Zestaw-hydroforowy-1-scaled.jpg\" data-elementor-open-lightbox=\"yes\" data-elementor-lightbox-slideshow=\"c4cb8db\" data-elementor-lightbox-title=\"Zestaw hydroforowy (1)\" data-e-action-hash=\"#elementor-action%3Aaction%3Dlightbox%26settings%3DeyJpZCI6MzI1NSwidXJsIjoiaHR0cHM6XC9cL2FxdWFiZWxsaXMucGxcL3dwLWNvbnRlbnRcL3VwbG9hZHNcLzIwMjRcLzA0XC9aZXN0YXctaHlkcm9mb3Jvd3ktMS1zY2FsZWQuanBnIiwic2xpZGVzaG93IjoiYzRjYjhkYiJ9\"><br \/>\n<\/a><br \/>\n<a href=\"https:\/\/aquabellis.pl\/wp-content\/uploads\/2024\/04\/Zbiornik-wody-surowej-scaled.jpg\" data-elementor-open-lightbox=\"yes\" data-elementor-lightbox-slideshow=\"c4cb8db\" data-elementor-lightbox-title=\"Zbiornik wody surowej\" data-e-action-hash=\"#elementor-action%3Aaction%3Dlightbox%26settings%3DeyJpZCI6MzI1NCwidXJsIjoiaHR0cHM6XC9cL2FxdWFiZWxsaXMucGxcL3dwLWNvbnRlbnRcL3VwbG9hZHNcLzIwMjRcLzA0XC9aYmlvcm5pay13b2R5LXN1cm93ZWotc2NhbGVkLmpwZyIsInNsaWRlc2hvdyI6ImM0Y2I4ZGIifQ%3D%3D\"><br \/>\n<\/a><br \/>\n<a href=\"https:\/\/aquabellis.pl\/wp-content\/uploads\/2024\/04\/Studnia-glebinowa-scaled.jpg\" data-elementor-open-lightbox=\"yes\" data-elementor-lightbox-slideshow=\"c4cb8db\" data-elementor-lightbox-title=\"Studnia g\u0142\u0119binowa\" data-e-action-hash=\"#elementor-action%3Aaction%3Dlightbox%26settings%3DeyJpZCI6MzI1MywidXJsIjoiaHR0cHM6XC9cL2FxdWFiZWxsaXMucGxcL3dwLWNvbnRlbnRcL3VwbG9hZHNcLzIwMjRcLzA0XC9TdHVkbmlhLWdsZWJpbm93YS1zY2FsZWQuanBnIiwic2xpZGVzaG93IjoiYzRjYjhkYiJ9\"><br \/>\n<\/a><br \/>\n<a href=\"https:\/\/aquabellis.pl\/wp-content\/uploads\/2024\/04\/Studnia-glebinowa-1-scaled.jpg\" data-elementor-open-lightbox=\"yes\" data-elementor-lightbox-slideshow=\"c4cb8db\" data-elementor-lightbox-title=\"Studnia g\u0142\u0119binowa (1)\" data-e-action-hash=\"#elementor-action%3Aaction%3Dlightbox%26settings%3DeyJpZCI6MzI1MiwidXJsIjoiaHR0cHM6XC9cL2FxdWFiZWxsaXMucGxcL3dwLWNvbnRlbnRcL3VwbG9hZHNcLzIwMjRcLzA0XC9TdHVkbmlhLWdsZWJpbm93YS0xLXNjYWxlZC5qcGciLCJzbGlkZXNob3ciOiJjNGNiOGRiIn0%3D\"><br \/>\n<\/a><br \/>\n<a href=\"https:\/\/aquabellis.pl\/wp-content\/uploads\/2024\/04\/Stacja-Uzdatniania-Wody-w-Rogoznie-scaled.jpg\" data-elementor-open-lightbox=\"yes\" data-elementor-lightbox-slideshow=\"c4cb8db\" data-elementor-lightbox-title=\"Stacja Uzdatniania Wody w Rogo\u017anie\" data-e-action-hash=\"#elementor-action%3Aaction%3Dlightbox%26settings%3DeyJpZCI6MzI1MSwidXJsIjoiaHR0cHM6XC9cL2FxdWFiZWxsaXMucGxcL3dwLWNvbnRlbnRcL3VwbG9hZHNcLzIwMjRcLzA0XC9TdGFjamEtVXpkYXRuaWFuaWEtV29keS13LVJvZ296bmllLXNjYWxlZC5qcGciLCJzbGlkZXNob3ciOiJjNGNiOGRiIn0%3D\"><br \/>\n<\/a><br \/>\n<a href=\"https:\/\/aquabellis.pl\/wp-content\/uploads\/2024\/04\/Rozdzielnia-glowna-scaled.jpg\" data-elementor-open-lightbox=\"yes\" data-elementor-lightbox-slideshow=\"c4cb8db\" data-elementor-lightbox-title=\"Rozdzielnia g\u0142\u00f3wna\" data-e-action-hash=\"#elementor-action%3Aaction%3Dlightbox%26settings%3DeyJpZCI6MzI1MCwidXJsIjoiaHR0cHM6XC9cL2FxdWFiZWxsaXMucGxcL3dwLWNvbnRlbnRcL3VwbG9hZHNcLzIwMjRcLzA0XC9Sb3pkemllbG5pYS1nbG93bmEtc2NhbGVkLmpwZyIsInNsaWRlc2hvdyI6ImM0Y2I4ZGIifQ%3D%3D\"><br \/>\n<\/a><br \/>\n<a href=\"https:\/\/aquabellis.pl\/wp-content\/uploads\/2024\/04\/Pompa-ciepla-scaled.jpg\" data-elementor-open-lightbox=\"yes\" data-elementor-lightbox-slideshow=\"c4cb8db\" data-elementor-lightbox-title=\"Pompa ciep\u0142a\" data-e-action-hash=\"#elementor-action%3Aaction%3Dlightbox%26settings%3DeyJpZCI6MzI0OSwidXJsIjoiaHR0cHM6XC9cL2FxdWFiZWxsaXMucGxcL3dwLWNvbnRlbnRcL3VwbG9hZHNcLzIwMjRcLzA0XC9Qb21wYS1jaWVwbGEtc2NhbGVkLmpwZyIsInNsaWRlc2hvdyI6ImM0Y2I4ZGIifQ%3D%3D\"><br \/>\n<\/a><br \/>\n<a href=\"https:\/\/aquabellis.pl\/wp-content\/uploads\/2024\/04\/Instalacja-fotowoltaiczna-scaled.jpg\" data-elementor-open-lightbox=\"yes\" data-elementor-lightbox-slideshow=\"c4cb8db\" data-elementor-lightbox-title=\"Instalacja fotowoltaiczna\" data-e-action-hash=\"#elementor-action%3Aaction%3Dlightbox%26settings%3DeyJpZCI6MzI0OCwidXJsIjoiaHR0cHM6XC9cL2FxdWFiZWxsaXMucGxcL3dwLWNvbnRlbnRcL3VwbG9hZHNcLzIwMjRcLzA0XC9JbnN0YWxhY2phLWZvdG93b2x0YWljem5hLXNjYWxlZC5qcGciLCJzbGlkZXNob3ciOiJjNGNiOGRiIn0%3D\"><br \/>\n<\/a><br \/>\n<a href=\"https:\/\/aquabellis.pl\/wp-content\/uploads\/2024\/04\/Hala-pomp-scaled.jpg\" data-elementor-open-lightbox=\"yes\" data-elementor-lightbox-slideshow=\"c4cb8db\" data-elementor-lightbox-title=\"Hala pomp\" data-e-action-hash=\"#elementor-action%3Aaction%3Dlightbox%26settings%3DeyJpZCI6MzI0NywidXJsIjoiaHR0cHM6XC9cL2FxdWFiZWxsaXMucGxcL3dwLWNvbnRlbnRcL3VwbG9hZHNcLzIwMjRcLzA0XC9IYWxhLXBvbXAtc2NhbGVkLmpwZyIsInNsaWRlc2hvdyI6ImM0Y2I4ZGIifQ%3D%3D\"><br \/>\n<\/a><br \/>\n<a href=\"https:\/\/aquabellis.pl\/wp-content\/uploads\/2024\/04\/Hala-pomp-2-scaled.jpg\" data-elementor-open-lightbox=\"yes\" data-elementor-lightbox-slideshow=\"c4cb8db\" data-elementor-lightbox-title=\"Hala pomp (2)\" data-e-action-hash=\"#elementor-action%3Aaction%3Dlightbox%26settings%3DeyJpZCI6MzI0NiwidXJsIjoiaHR0cHM6XC9cL2FxdWFiZWxsaXMucGxcL3dwLWNvbnRlbnRcL3VwbG9hZHNcLzIwMjRcLzA0XC9IYWxhLXBvbXAtMi1zY2FsZWQuanBnIiwic2xpZGVzaG93IjoiYzRjYjhkYiJ9\"><br \/>\n<\/a><br \/>\n<a href=\"https:\/\/aquabellis.pl\/wp-content\/uploads\/2024\/04\/Hala-pomp-1-scaled.jpg\" data-elementor-open-lightbox=\"yes\" data-elementor-lightbox-slideshow=\"c4cb8db\" data-elementor-lightbox-title=\"Hala pomp (1)\" data-e-action-hash=\"#elementor-action%3Aaction%3Dlightbox%26settings%3DeyJpZCI6MzI0NSwidXJsIjoiaHR0cHM6XC9cL2FxdWFiZWxsaXMucGxcL3dwLWNvbnRlbnRcL3VwbG9hZHNcLzIwMjRcLzA0XC9IYWxhLXBvbXAtMS1zY2FsZWQuanBnIiwic2xpZGVzaG93IjoiYzRjYjhkYiJ9\"><br \/>\n<\/a><br \/>\n<a href=\"https:\/\/aquabellis.pl\/wp-content\/uploads\/2024\/04\/Hala-filtrow-scaled.jpg\" data-elementor-open-lightbox=\"yes\" data-elementor-lightbox-slideshow=\"c4cb8db\" data-elementor-lightbox-title=\"Hala filtr\u00f3w\" data-e-action-hash=\"#elementor-action%3Aaction%3Dlightbox%26settings%3DeyJpZCI6MzI0NCwidXJsIjoiaHR0cHM6XC9cL2FxdWFiZWxsaXMucGxcL3dwLWNvbnRlbnRcL3VwbG9hZHNcLzIwMjRcLzA0XC9IYWxhLWZpbHRyb3ctc2NhbGVkLmpwZyIsInNsaWRlc2hvdyI6ImM0Y2I4ZGIifQ%3D%3D\"><br \/>\n<\/a><br \/>\n<a href=\"https:\/\/aquabellis.pl\/wp-content\/uploads\/2024\/04\/Hala-filtrow-4-scaled.jpg\" data-elementor-open-lightbox=\"yes\" data-elementor-lightbox-slideshow=\"c4cb8db\" data-elementor-lightbox-title=\"Hala filtr\u00f3w (4)\" data-e-action-hash=\"#elementor-action%3Aaction%3Dlightbox%26settings%3DeyJpZCI6MzI0MywidXJsIjoiaHR0cHM6XC9cL2FxdWFiZWxsaXMucGxcL3dwLWNvbnRlbnRcL3VwbG9hZHNcLzIwMjRcLzA0XC9IYWxhLWZpbHRyb3ctNC1zY2FsZWQuanBnIiwic2xpZGVzaG93IjoiYzRjYjhkYiJ9\"><br \/>\n<\/a><br \/>\n<a href=\"https:\/\/aquabellis.pl\/wp-content\/uploads\/2024\/04\/Hala-filtrow-3-scaled.jpg\" data-elementor-open-lightbox=\"yes\" data-elementor-lightbox-slideshow=\"c4cb8db\" data-elementor-lightbox-title=\"Hala filtr\u00f3w (3)\" data-e-action-hash=\"#elementor-action%3Aaction%3Dlightbox%26settings%3DeyJpZCI6MzI0MiwidXJsIjoiaHR0cHM6XC9cL2FxdWFiZWxsaXMucGxcL3dwLWNvbnRlbnRcL3VwbG9hZHNcLzIwMjRcLzA0XC9IYWxhLWZpbHRyb3ctMy1zY2FsZWQuanBnIiwic2xpZGVzaG93IjoiYzRjYjhkYiJ9\"><br \/>\n<\/a><br \/>\n<a href=\"https:\/\/aquabellis.pl\/wp-content\/uploads\/2024\/04\/Hala-filtrow-2-scaled.jpg\" data-elementor-open-lightbox=\"yes\" data-elementor-lightbox-slideshow=\"c4cb8db\" data-elementor-lightbox-title=\"Hala filtr\u00f3w (2)\" data-e-action-hash=\"#elementor-action%3Aaction%3Dlightbox%26settings%3DeyJpZCI6MzI0MSwidXJsIjoiaHR0cHM6XC9cL2FxdWFiZWxsaXMucGxcL3dwLWNvbnRlbnRcL3VwbG9hZHNcLzIwMjRcLzA0XC9IYWxhLWZpbHRyb3ctMi1zY2FsZWQuanBnIiwic2xpZGVzaG93IjoiYzRjYjhkYiJ9\"><br \/>\n<\/a><br \/>\n<a href=\"https:\/\/aquabellis.pl\/wp-content\/uploads\/2024\/04\/Hala-filtrow-1-scaled.jpg\" data-elementor-open-lightbox=\"yes\" data-elementor-lightbox-slideshow=\"c4cb8db\" data-elementor-lightbox-title=\"Hala filtr\u00f3w (1)\" data-e-action-hash=\"#elementor-action%3Aaction%3Dlightbox%26settings%3DeyJpZCI6MzI0MCwidXJsIjoiaHR0cHM6XC9cL2FxdWFiZWxsaXMucGxcL3dwLWNvbnRlbnRcL3VwbG9hZHNcLzIwMjRcLzA0XC9IYWxhLWZpbHRyb3ctMS1zY2FsZWQuanBnIiwic2xpZGVzaG93IjoiYzRjYjhkYiJ9\"><br \/>\n<\/a><br \/>\n<a href=\"https:\/\/aquabellis.pl\/wp-content\/uploads\/2024\/04\/Filtry-scaled.jpg\" data-elementor-open-lightbox=\"yes\" data-elementor-lightbox-slideshow=\"c4cb8db\" data-elementor-lightbox-title=\"Filtry\" data-e-action-hash=\"#elementor-action%3Aaction%3Dlightbox%26settings%3DeyJpZCI6MzIzOSwidXJsIjoiaHR0cHM6XC9cL2FxdWFiZWxsaXMucGxcL3dwLWNvbnRlbnRcL3VwbG9hZHNcLzIwMjRcLzA0XC9GaWx0cnktc2NhbGVkLmpwZyIsInNsaWRlc2hvdyI6ImM0Y2I4ZGIifQ%3D%3D\"><br \/>\n<\/a><br \/>\n<a href=\"https:\/\/aquabellis.pl\/wp-content\/uploads\/2024\/04\/Budynek-SUW-w-Rogoznie-scaled.jpg\" data-elementor-open-lightbox=\"yes\" data-elementor-lightbox-slideshow=\"c4cb8db\" data-elementor-lightbox-title=\"Budynek SUW w Rogo\u017anie\" data-e-action-hash=\"#elementor-action%3Aaction%3Dlightbox%26settings%3DeyJpZCI6MzIzOCwidXJsIjoiaHR0cHM6XC9cL2FxdWFiZWxsaXMucGxcL3dwLWNvbnRlbnRcL3VwbG9hZHNcLzIwMjRcLzA0XC9CdWR5bmVrLVNVVy13LVJvZ296bmllLXNjYWxlZC5qcGciLCJzbGlkZXNob3ciOiJjNGNiOGRiIn0%3D\"><br \/>\n<\/a><br \/>\n<a href=\"https:\/\/aquabellis.pl\/wp-content\/uploads\/2024\/04\/Agregat-pradotworczy-scaled.jpg\" data-elementor-open-lightbox=\"yes\" data-elementor-lightbox-slideshow=\"c4cb8db\" data-elementor-lightbox-title=\"Agregat pr\u0105dotw\u00f3rczy\" data-e-action-hash=\"#elementor-action%3Aaction%3Dlightbox%26settings%3DeyJpZCI6MzIzNywidXJsIjoiaHR0cHM6XC9cL2FxdWFiZWxsaXMucGxcL3dwLWNvbnRlbnRcL3VwbG9hZHNcLzIwMjRcLzA0XC9BZ3JlZ2F0LXByYWRvdHdvcmN6eS1zY2FsZWQuanBnIiwic2xpZGVzaG93IjoiYzRjYjhkYiJ9\"><br \/>\n<\/a><\/p>\n","protected":false},"excerpt":{"rendered":"","protected":false},"author":2,"featured_media":0,"parent":0,"menu_order":0,"comment_status":"closed","ping_status":"closed","template":"","meta":{"inline_featured_image":false,"footnotes":""},"class_list":["post-3279","page","type-page","status-publish","hentry","has-post-title","has-post-date","has-post-category","has-post-tag","has-post-comment","has-post-author",""],"yoast_head":"<!-- This site is optimized with the Yoast SEO plugin v27.0 - https:\/\/yoast.com\/product\/yoast-seo-wordpress\/ -->\n<title>Modernizacja Stacji Uzdatniania Wody w Rogo\u017anie - AQUABELLIS.PL<\/title>\n<meta name=\"robots\" content=\"index, follow, max-snippet:-1, max-image-preview:large, max-video-preview:-1\" \/>\n<link rel=\"canonical\" href=\"https:\/\/aquabellis.pl\/index.php\/modernizacja-stacji-uzdatniania-wody-w-rogoznie\/\" \/>\n<meta property=\"og:locale\" content=\"pl_PL\" \/>\n<meta property=\"og:type\" content=\"article\" \/>\n<meta property=\"og:title\" content=\"Modernizacja Stacji Uzdatniania Wody w Rogo\u017anie - AQUABELLIS.PL\" \/>\n<meta property=\"og:url\" content=\"https:\/\/aquabellis.pl\/index.php\/modernizacja-stacji-uzdatniania-wody-w-rogoznie\/\" \/>\n<meta property=\"og:site_name\" content=\"AQUABELLIS.PL\" \/>\n<meta name=\"twitter:card\" content=\"summary_large_image\" \/>\n<script type=\"application\/ld+json\" class=\"yoast-schema-graph\">{\"@context\":\"https:\/\/schema.org\",\"@graph\":[{\"@type\":\"WebPage\",\"@id\":\"https:\/\/aquabellis.pl\/index.php\/modernizacja-stacji-uzdatniania-wody-w-rogoznie\/\",\"url\":\"https:\/\/aquabellis.pl\/index.php\/modernizacja-stacji-uzdatniania-wody-w-rogoznie\/\",\"name\":\"Modernizacja Stacji Uzdatniania Wody w Rogo\u017anie - AQUABELLIS.PL\",\"isPartOf\":{\"@id\":\"https:\/\/aquabellis.pl\/#website\"},\"datePublished\":\"2024-04-18T12:07:55+00:00\",\"breadcrumb\":{\"@id\":\"https:\/\/aquabellis.pl\/index.php\/modernizacja-stacji-uzdatniania-wody-w-rogoznie\/#breadcrumb\"},\"inLanguage\":\"pl-PL\",\"potentialAction\":[{\"@type\":\"ReadAction\",\"target\":[\"https:\/\/aquabellis.pl\/index.php\/modernizacja-stacji-uzdatniania-wody-w-rogoznie\/\"]}]},{\"@type\":\"BreadcrumbList\",\"@id\":\"https:\/\/aquabellis.pl\/index.php\/modernizacja-stacji-uzdatniania-wody-w-rogoznie\/#breadcrumb\",\"itemListElement\":[{\"@type\":\"ListItem\",\"position\":1,\"name\":\"Strona g\u0142\u00f3wna\",\"item\":\"https:\/\/aquabellis.pl\/\"},{\"@type\":\"ListItem\",\"position\":2,\"name\":\"Modernizacja Stacji Uzdatniania Wody w Rogo\u017anie\"}]},{\"@type\":\"WebSite\",\"@id\":\"https:\/\/aquabellis.pl\/#website\",\"url\":\"https:\/\/aquabellis.pl\/\",\"name\":\"AQUABELLIS.PL\",\"description\":\"Sp\u00f3\u0142ka z o. o. Rogo\u017ano WLKP\",\"potentialAction\":[{\"@type\":\"SearchAction\",\"target\":{\"@type\":\"EntryPoint\",\"urlTemplate\":\"https:\/\/aquabellis.pl\/?s={search_term_string}\"},\"query-input\":{\"@type\":\"PropertyValueSpecification\",\"valueRequired\":true,\"valueName\":\"search_term_string\"}}],\"inLanguage\":\"pl-PL\"}]}<\/script>\n<!-- \/ Yoast SEO plugin. -->","yoast_head_json":{"title":"Modernizacja Stacji Uzdatniania Wody w Rogo\u017anie - AQUABELLIS.PL","robots":{"index":"index","follow":"follow","max-snippet":"max-snippet:-1","max-image-preview":"max-image-preview:large","max-video-preview":"max-video-preview:-1"},"canonical":"https:\/\/aquabellis.pl\/index.php\/modernizacja-stacji-uzdatniania-wody-w-rogoznie\/","og_locale":"pl_PL","og_type":"article","og_title":"Modernizacja Stacji Uzdatniania Wody w Rogo\u017anie - AQUABELLIS.PL","og_url":"https:\/\/aquabellis.pl\/index.php\/modernizacja-stacji-uzdatniania-wody-w-rogoznie\/","og_site_name":"AQUABELLIS.PL","twitter_card":"summary_large_image","schema":{"@context":"https:\/\/schema.org","@graph":[{"@type":"WebPage","@id":"https:\/\/aquabellis.pl\/index.php\/modernizacja-stacji-uzdatniania-wody-w-rogoznie\/","url":"https:\/\/aquabellis.pl\/index.php\/modernizacja-stacji-uzdatniania-wody-w-rogoznie\/","name":"Modernizacja Stacji Uzdatniania Wody w Rogo\u017anie - AQUABELLIS.PL","isPartOf":{"@id":"https:\/\/aquabellis.pl\/#website"},"datePublished":"2024-04-18T12:07:55+00:00","breadcrumb":{"@id":"https:\/\/aquabellis.pl\/index.php\/modernizacja-stacji-uzdatniania-wody-w-rogoznie\/#breadcrumb"},"inLanguage":"pl-PL","potentialAction":[{"@type":"ReadAction","target":["https:\/\/aquabellis.pl\/index.php\/modernizacja-stacji-uzdatniania-wody-w-rogoznie\/"]}]},{"@type":"BreadcrumbList","@id":"https:\/\/aquabellis.pl\/index.php\/modernizacja-stacji-uzdatniania-wody-w-rogoznie\/#breadcrumb","itemListElement":[{"@type":"ListItem","position":1,"name":"Strona g\u0142\u00f3wna","item":"https:\/\/aquabellis.pl\/"},{"@type":"ListItem","position":2,"name":"Modernizacja Stacji Uzdatniania Wody w Rogo\u017anie"}]},{"@type":"WebSite","@id":"https:\/\/aquabellis.pl\/#website","url":"https:\/\/aquabellis.pl\/","name":"AQUABELLIS.PL","description":"Sp\u00f3\u0142ka z o. o. Rogo\u017ano WLKP","potentialAction":[{"@type":"SearchAction","target":{"@type":"EntryPoint","urlTemplate":"https:\/\/aquabellis.pl\/?s={search_term_string}"},"query-input":{"@type":"PropertyValueSpecification","valueRequired":true,"valueName":"search_term_string"}}],"inLanguage":"pl-PL"}]}},"_links":{"self":[{"href":"https:\/\/aquabellis.pl\/index.php\/wp-json\/wp\/v2\/pages\/3279","targetHints":{"allow":["GET"]}}],"collection":[{"href":"https:\/\/aquabellis.pl\/index.php\/wp-json\/wp\/v2\/pages"}],"about":[{"href":"https:\/\/aquabellis.pl\/index.php\/wp-json\/wp\/v2\/types\/page"}],"author":[{"embeddable":true,"href":"https:\/\/aquabellis.pl\/index.php\/wp-json\/wp\/v2\/users\/2"}],"replies":[{"embeddable":true,"href":"https:\/\/aquabellis.pl\/index.php\/wp-json\/wp\/v2\/comments?post=3279"}],"version-history":[{"count":0,"href":"https:\/\/aquabellis.pl\/index.php\/wp-json\/wp\/v2\/pages\/3279\/revisions"}],"wp:attachment":[{"href":"https:\/\/aquabellis.pl\/index.php\/wp-json\/wp\/v2\/media?parent=3279"}],"curies":[{"name":"wp","href":"https:\/\/api.w.org\/{rel}","templated":true}]}}